{"id":35,"date":"2021-06-02T05:48:21","date_gmt":"2021-06-02T05:48:21","guid":{"rendered":"https:\/\/www.drenskemedien.de\/Shop\/homepage\/"},"modified":"2025-06-16T06:11:08","modified_gmt":"2025-06-16T06:11:08","slug":"homepage","status":"publish","type":"page","link":"https:\/\/www.drenskemedien.de\/Shop\/","title":{"rendered":"Homepage"},"content":{"rendered":"\r\n<div class=\"wp-block-cover\"><img data-recalc-dims=\"1\" loading=\"lazy\" decoding=\"async\" width=\"830\" height=\"553\" class=\"wp-block-cover__image-background wp-image-36\" src=\"https:\/\/i0.wp.com\/www.drenskemedien.de\/Shop\/wp-content\/uploads\/2021\/06\/other-small.jpg?resize=830%2C553&#038;ssl=1\" alt=\"\" data-object-fit=\"cover\" srcset=\"https:\/\/i0.wp.com\/www.drenskemedien.de\/Shop\/wp-content\/uploads\/2021\/06\/other-small.jpg?w=1920&amp;ssl=1 1920w, https:\/\/i0.wp.com\/www.drenskemedien.de\/Shop\/wp-content\/uploads\/2021\/06\/other-small.jpg?resize=600%2C400&amp;ssl=1 600w, https:\/\/i0.wp.com\/www.drenskemedien.de\/Shop\/wp-content\/uploads\/2021\/06\/other-small.jpg?resize=300%2C200&amp;ssl=1 300w, https:\/\/i0.wp.com\/www.drenskemedien.de\/Shop\/wp-content\/uploads\/2021\/06\/other-small.jpg?resize=1024%2C683&amp;ssl=1 1024w, https:\/\/i0.wp.com\/www.drenskemedien.de\/Shop\/wp-content\/uploads\/2021\/06\/other-small.jpg?resize=768%2C512&amp;ssl=1 768w, https:\/\/i0.wp.com\/www.drenskemedien.de\/Shop\/wp-content\/uploads\/2021\/06\/other-small.jpg?resize=1536%2C1024&amp;ssl=1 1536w, https:\/\/i0.wp.com\/www.drenskemedien.de\/Shop\/wp-content\/uploads\/2021\/06\/other-small.jpg?resize=1320%2C880&amp;ssl=1 1320w, https:\/\/i0.wp.com\/www.drenskemedien.de\/Shop\/wp-content\/uploads\/2021\/06\/other-small.jpg?w=1660 1660w\" sizes=\"auto, (max-width: 830px) 100vw, 830px\" \/>\r\n<div class=\"wp-block-cover__inner-container is-layout-flow wp-block-cover-is-layout-flow\">\r\n<p class=\"has-text-align-center has-large-font-size\">Willkommen im Shop<\/p>\r\n<p class=\"has-text-align-center has-white-color has-text-color has-large-font-size\">\r\n\r\n<\/p>\r\n<p class=\"has-text-color has-text-align-center\">Wir sind ein kleiner Verlag, die sich dem Thema Bildung und Natur widmen. Insbesondere die Ameisen haben es uns angetan. So wirst Du hier allgemeines, wie spezielles rund und diese faszinierende Welt bekommen.<\/p>\r\n<p class=\"has-text-align-center has-white-color has-text-color\">\r\n\r\n<\/p>\r\n<div class=\"wp-block-button aligncenter\"><a class=\"wp-block-button__link\" href=\"https:\/\/www.drenskemedien.de\/Shop\/shop\/\">Einkaufen gehen<\/a><\/div>\r\n<p class=\"has-text-align-center has-white-color has-text-color\"><\/p>\r\n<\/div>\r\n<\/div>\r\n\r\n\r\n\r\n<h2 class=\"has-text-align-center wp-block-heading\">Neueste Produkte<\/h2>\r\n\r\n\r\n<div data-block-name=\"woocommerce\/product-new\" class=\"wc-block-grid wp-block-product-new wp-block-woocommerce-product-new wc-block-product-new has-3-columns has-multiple-rows\"><ul class=\"wc-block-grid__products\"><li class=\"wc-block-grid__product\">\n\t\t\t\t<a href=\"https:\/\/www.drenskemedien.de\/Shop\/product\/entdecke-die-einzigartige-welt-der-ameisen-zauberhafte-geschichten-zum-staunen-und-schmunzeln\/\" class=\"wc-block-grid__product-link\">\n\t\t\t\t\t\n\t\t\t\t\t<div class=\"wc-block-grid__product-image\"><img loading=\"lazy\" decoding=\"async\" width=\"300\" height=\"483\" src=\"https:\/\/i0.wp.com\/www.drenskemedien.de\/Shop\/wp-content\/uploads\/2025\/06\/1_Cover_Amazon_1.png?fit=300%2C483&amp;ssl=1\" class=\"attachment-woocommerce_thumbnail size-woocommerce_thumbnail\" alt=\"Entdecke die einzigartige Welt der Ameisen\" srcset=\"https:\/\/i0.wp.com\/www.drenskemedien.de\/Shop\/wp-content\/uploads\/2025\/06\/1_Cover_Amazon_1.png?w=518&amp;ssl=1 518w, https:\/\/i0.wp.com\/www.drenskemedien.de\/Shop\/wp-content\/uploads\/2025\/06\/1_Cover_Amazon_1.png?resize=186%2C300&amp;ssl=1 186w, https:\/\/i0.wp.com\/www.drenskemedien.de\/Shop\/wp-content\/uploads\/2025\/06\/1_Cover_Amazon_1.png?resize=450%2C725&amp;ssl=1 450w, https:\/\/i0.wp.com\/www.drenskemedien.de\/Shop\/wp-content\/uploads\/2025\/06\/1_Cover_Amazon_1.png?resize=300%2C483&amp;ssl=1 300w\" sizes=\"auto, (max-width: 300px) 100vw, 300px\" \/><\/div>\n\t\t\t\t\t<div class=\"wc-block-grid__product-title\">Entdecke die einzigartige Welt der Ameisen<\/div>\n\t\t\t\t<\/a>\n\t\t\t\t<div class=\"wc-block-grid__product-price price\"><span class=\"woocommerce-Price-amount amount\"><span class=\"woocommerce-Price-currencySymbol\">&euro;<\/span>20,00<\/span><\/div>\n\t\t\t\t\n\t\t\t\t<div class=\"wp-block-button wc-block-grid__product-add-to-cart\"><a href=\"?add-to-cart=192\" aria-label=\"In den Warenkorb legen: \u201eEntdecke die einzigartige Welt der Ameisen\u201c\" data-quantity=\"1\" data-product_id=\"192\" data-product_sku=\"\" data-price=\"20\" rel=\"nofollow\" class=\"wp-block-button__link  add_to_cart_button ajax_add_to_cart\">In den Warenkorb<\/a><\/div>\n\t\t\t<\/li><li class=\"wc-block-grid__product\">\n\t\t\t\t<a href=\"https:\/\/www.drenskemedien.de\/Shop\/product\/waldameisenschutz\/\" class=\"wc-block-grid__product-link\">\n\t\t\t\t\t\n\t\t\t\t\t<div class=\"wc-block-grid__product-image\"><img loading=\"lazy\" decoding=\"async\" width=\"239\" height=\"320\" src=\"https:\/\/i0.wp.com\/www.drenskemedien.de\/Shop\/wp-content\/uploads\/2024\/12\/Titelseite_vlb.jpg?fit=239%2C320&amp;ssl=1\" class=\"attachment-woocommerce_thumbnail size-woocommerce_thumbnail\" alt=\"Titelseite Waldameisenschutz\" srcset=\"https:\/\/i0.wp.com\/www.drenskemedien.de\/Shop\/wp-content\/uploads\/2024\/12\/Titelseite_vlb.jpg?w=239&amp;ssl=1 239w, https:\/\/i0.wp.com\/www.drenskemedien.de\/Shop\/wp-content\/uploads\/2024\/12\/Titelseite_vlb.jpg?resize=224%2C300&amp;ssl=1 224w\" sizes=\"auto, (max-width: 239px) 100vw, 239px\" \/><\/div>\n\t\t\t\t\t<div class=\"wc-block-grid__product-title\">Waldameisenschutz<\/div>\n\t\t\t\t<\/a>\n\t\t\t\t<div class=\"wc-block-grid__product-price price\"><span class=\"woocommerce-Price-amount amount\"><span class=\"woocommerce-Price-currencySymbol\">&euro;<\/span>39,00<\/span><\/div>\n\t\t\t\t<div class=\"wc-block-grid__product-rating\"><div class=\"star-rating\" role=\"img\" aria-label=\"Bewertet mit 5.00 von 5\"><span style=\"width:100%\">Bewertet mit <strong class=\"rating\">5.00<\/strong> von 5, basierend auf <span class=\"rating\">3<\/span> Kundenbewertungen<\/span><\/div><\/div>\n\t\t\t\t<div class=\"wp-block-button wc-block-grid__product-add-to-cart\"><a href=\"?add-to-cart=165\" aria-label=\"In den Warenkorb legen: \u201eWaldameisenschutz\u201c\" data-quantity=\"1\" data-product_id=\"165\" data-product_sku=\"\" data-price=\"39\" rel=\"nofollow\" class=\"wp-block-button__link  add_to_cart_button ajax_add_to_cart\">In den Warenkorb<\/a><\/div>\n\t\t\t<\/li><li class=\"wc-block-grid__product\">\n\t\t\t\t<a href=\"https:\/\/www.drenskemedien.de\/Shop\/product\/tarja-und-die-rueckkehr-der-amazonen\/\" class=\"wc-block-grid__product-link\">\n\t\t\t\t\t\n\t\t\t\t\t<div class=\"wc-block-grid__product-image\"><img loading=\"lazy\" decoding=\"async\" width=\"300\" height=\"426\" src=\"https:\/\/i0.wp.com\/www.drenskemedien.de\/Shop\/wp-content\/uploads\/2021\/06\/Cover-1.png?fit=300%2C426&amp;ssl=1\" class=\"attachment-woocommerce_thumbnail size-woocommerce_thumbnail\" alt=\"Tarja und die R\u00fcckkehr der Amazonen\" srcset=\"https:\/\/i0.wp.com\/www.drenskemedien.de\/Shop\/wp-content\/uploads\/2021\/06\/Cover-1.png?w=738&amp;ssl=1 738w, https:\/\/i0.wp.com\/www.drenskemedien.de\/Shop\/wp-content\/uploads\/2021\/06\/Cover-1.png?resize=211%2C300&amp;ssl=1 211w, https:\/\/i0.wp.com\/www.drenskemedien.de\/Shop\/wp-content\/uploads\/2021\/06\/Cover-1.png?resize=721%2C1024&amp;ssl=1 721w, https:\/\/i0.wp.com\/www.drenskemedien.de\/Shop\/wp-content\/uploads\/2021\/06\/Cover-1.png?resize=600%2C852&amp;ssl=1 600w, https:\/\/i0.wp.com\/www.drenskemedien.de\/Shop\/wp-content\/uploads\/2021\/06\/Cover-1.png?resize=300%2C426&amp;ssl=1 300w\" sizes=\"auto, (max-width: 300px) 100vw, 300px\" \/><\/div>\n\t\t\t\t\t<div class=\"wc-block-grid__product-title\">Tarja und die R\u00fcckkehr der Amazonen<\/div>\n\t\t\t\t<\/a>\n\t\t\t\t<div class=\"wc-block-grid__product-price price\"><span class=\"woocommerce-Price-amount amount\"><span class=\"woocommerce-Price-currencySymbol\">&euro;<\/span>20,00<\/span><\/div>\n\t\t\t\t<div class=\"wc-block-grid__product-rating\"><div class=\"star-rating\" role=\"img\" aria-label=\"Bewertet mit 5.00 von 5\"><span style=\"width:100%\">Bewertet mit <strong class=\"rating\">5.00<\/strong> von 5, basierend auf <span class=\"rating\">1<\/span> Kundenbewertung<\/span><\/div><\/div>\n\t\t\t\t<div class=\"wp-block-button wc-block-grid__product-add-to-cart\"><a href=\"?add-to-cart=34\" aria-label=\"In den Warenkorb legen: \u201eTarja und die R\u00fcckkehr der Amazonen\u201c\" data-quantity=\"1\" data-product_id=\"34\" data-product_sku=\"001\" data-price=\"20\" rel=\"nofollow\" class=\"wp-block-button__link  add_to_cart_button ajax_add_to_cart\">In den Warenkorb<\/a><\/div>\n\t\t\t<\/li><\/ul><\/div>\r\n\r\n\r\n<div class=\"wp-block-media-text alignwide has-media-on-the-right is-stacked-on-mobile\">\r\n<figure class=\"wp-block-media-text__media\">Mit Stolz pr\u00e4sentiere ich nach \u00fcber 10 Jahren Schreibpause mein neues Buch. Es enth\u00e4lt eine Auswahl derjenigen Ameisen-Geschichten, mit denen ich bei vielen Workshops und Vortr\u00e4gen in den vergangenen 25 Jahren die Zuh\u00f6rer f\u00fcr die kleinen Krabbler begeistern konnte.<\/figure>\r\n<div class=\"wp-block-media-text__content\">\r\n<p class=\"has-large-font-size\">\u00a0<\/p>\r\n<\/div>\r\n<\/div>\r\n\r\n\r\n\r\n<div class=\"wp-block-media-text alignwide is-stacked-on-mobile\">\r\n<figure class=\"wp-block-media-text__media\"><\/figure>\r\n<div class=\"wp-block-media-text__content\">\r\n<p class=\"has-large-font-size\">\u00a0<\/p>\r\n<\/div>\r\n<\/div>\r\n\r\n\r\n\r\n<div class=\"wp-block-media-text alignwide has-media-on-the-right is-stacked-on-mobile\">\r\n<figure class=\"wp-block-media-text__media\"><\/figure>\r\n<div class=\"wp-block-media-text__content\">\r\n<p class=\"has-large-font-size\">\u00a0<\/p>\r\n<\/div>\r\n<\/div>\r\n\r\n\r\n","protected":false},"excerpt":{"rendered":"<p>Neueste Produkte Mit Stolz pr\u00e4sentiere ich nach \u00fcber 10 Jahren Schreibpause mein neues Buch. Es enth\u00e4lt eine Auswahl derjenigen Ameisen-Geschichten, mit denen ich bei vielen Workshops und Vortr\u00e4gen in den vergangenen 25 Jahren die Zuh\u00f6rer f\u00fcr die kleinen Krabbler begeistern konnte. \u00a0 \u00a0 \u00a0<\/p>\n","protected":false},"author":1,"featured_media":0,"parent":0,"menu_order":0,"comment_status":"closed","ping_status":"closed","template":"","meta":{"footnotes":""},"class_list":["post-35","page","type-page","status-publish","hentry"],"yoast_head":"<!-- This site is optimized with the Yoast SEO plugin v25.3 - https:\/\/yoast.com\/wordpress\/plugins\/seo\/ -->\n<title>Homepage - Drenske Medien<\/title>\n<meta name=\"robots\" content=\"index, follow, max-snippet:-1, max-image-preview:large, max-video-preview:-1\" \/>\n<link rel=\"canonical\" href=\"https:\/\/www.drenskemedien.de\/Shop\/\" \/>\n<meta property=\"og:locale\" content=\"de_DE\" \/>\n<meta property=\"og:type\" content=\"article\" \/>\n<meta property=\"og:title\" content=\"Homepage - Drenske Medien\" \/>\n<meta property=\"og:description\" content=\"Neueste Produkte Mit Stolz pr\u00e4sentiere ich nach \u00fcber 10 Jahren Schreibpause mein neues Buch. Es enth\u00e4lt eine Auswahl derjenigen Ameisen-Geschichten, mit denen ich bei vielen Workshops und Vortr\u00e4gen in den vergangenen 25 Jahren die Zuh\u00f6rer f\u00fcr die kleinen Krabbler begeistern konnte. \u00a0 \u00a0 \u00a0\" \/>\n<meta property=\"og:url\" content=\"https:\/\/www.drenskemedien.de\/Shop\/\" \/>\n<meta property=\"og:site_name\" content=\"Drenske Medien\" \/>\n<meta property=\"article:modified_time\" content=\"2025-06-16T06:11:08+00:00\" \/>\n<meta property=\"og:image\" content=\"https:\/\/www.drenskemedien.de\/Shop\/wp-content\/uploads\/2021\/06\/other-small.jpg\" \/>\n<meta name=\"twitter:card\" content=\"summary_large_image\" \/>\n<meta name=\"twitter:label1\" content=\"Gesch\u00e4tzte Lesezeit\" \/>\n\t<meta name=\"twitter:data1\" content=\"1\u00a0Minute\" \/>\n<script type=\"application\/ld+json\" class=\"yoast-schema-graph\">{\"@context\":\"https:\/\/schema.org\",\"@graph\":[{\"@type\":\"WebPage\",\"@id\":\"https:\/\/www.drenskemedien.de\/Shop\/\",\"url\":\"https:\/\/www.drenskemedien.de\/Shop\/\",\"name\":\"Homepage - Drenske Medien\",\"isPartOf\":{\"@id\":\"https:\/\/www.drenskemedien.de\/Shop\/#website\"},\"primaryImageOfPage\":{\"@id\":\"https:\/\/www.drenskemedien.de\/Shop\/#primaryimage\"},\"image\":{\"@id\":\"https:\/\/www.drenskemedien.de\/Shop\/#primaryimage\"},\"thumbnailUrl\":\"https:\/\/www.drenskemedien.de\/Shop\/wp-content\/uploads\/2021\/06\/other-small.jpg\",\"datePublished\":\"2021-06-02T05:48:21+00:00\",\"dateModified\":\"2025-06-16T06:11:08+00:00\",\"breadcrumb\":{\"@id\":\"https:\/\/www.drenskemedien.de\/Shop\/#breadcrumb\"},\"inLanguage\":\"de\",\"potentialAction\":[{\"@type\":\"ReadAction\",\"target\":[\"https:\/\/www.drenskemedien.de\/Shop\/\"]}]},{\"@type\":\"ImageObject\",\"inLanguage\":\"de\",\"@id\":\"https:\/\/www.drenskemedien.de\/Shop\/#primaryimage\",\"url\":\"https:\/\/www.drenskemedien.de\/Shop\/wp-content\/uploads\/2021\/06\/other-small.jpg\",\"contentUrl\":\"https:\/\/www.drenskemedien.de\/Shop\/wp-content\/uploads\/2021\/06\/other-small.jpg\"},{\"@type\":\"BreadcrumbList\",\"@id\":\"https:\/\/www.drenskemedien.de\/Shop\/#breadcrumb\",\"itemListElement\":[{\"@type\":\"ListItem\",\"position\":1,\"name\":\"Startseite\",\"item\":\"https:\/\/www.drenskemedien.de\/Shop\/\"},{\"@type\":\"ListItem\",\"position\":2,\"name\":\"Homepage\"}]},{\"@type\":\"WebSite\",\"@id\":\"https:\/\/www.drenskemedien.de\/Shop\/#website\",\"url\":\"https:\/\/www.drenskemedien.de\/Shop\/\",\"name\":\"Drenske Medien\",\"description\":\"Willkommen in unserem Shop\",\"publisher\":{\"@id\":\"https:\/\/www.drenskemedien.de\/Shop\/#organization\"},\"potentialAction\":[{\"@type\":\"SearchAction\",\"target\":{\"@type\":\"EntryPoint\",\"urlTemplate\":\"https:\/\/www.drenskemedien.de\/Shop\/?s={search_term_string}\"},\"query-input\":{\"@type\":\"PropertyValueSpecification\",\"valueRequired\":true,\"valueName\":\"search_term_string\"}}],\"inLanguage\":\"de\"},{\"@type\":\"Organization\",\"@id\":\"https:\/\/www.drenskemedien.de\/Shop\/#organization\",\"name\":\"Drenske Medien\",\"url\":\"https:\/\/www.drenskemedien.de\/Shop\/\",\"logo\":{\"@type\":\"ImageObject\",\"inLanguage\":\"de\",\"@id\":\"https:\/\/www.drenskemedien.de\/Shop\/#\/schema\/logo\/image\/\",\"url\":\"https:\/\/i0.wp.com\/www.drenskemedien.de\/Shop\/wp-content\/uploads\/2021\/06\/Final-Logo-02.png?fit=8001%2C4500&ssl=1\",\"contentUrl\":\"https:\/\/i0.wp.com\/www.drenskemedien.de\/Shop\/wp-content\/uploads\/2021\/06\/Final-Logo-02.png?fit=8001%2C4500&ssl=1\",\"width\":8001,\"height\":4500,\"caption\":\"Drenske Medien\"},\"image\":{\"@id\":\"https:\/\/www.drenskemedien.de\/Shop\/#\/schema\/logo\/image\/\"}}]}<\/script>\n<!-- \/ Yoast SEO plugin. -->","yoast_head_json":{"title":"Homepage - Drenske Medien","robots":{"index":"index","follow":"follow","max-snippet":"max-snippet:-1","max-image-preview":"max-image-preview:large","max-video-preview":"max-video-preview:-1"},"canonical":"https:\/\/www.drenskemedien.de\/Shop\/","og_locale":"de_DE","og_type":"article","og_title":"Homepage - Drenske Medien","og_description":"Neueste Produkte Mit Stolz pr\u00e4sentiere ich nach \u00fcber 10 Jahren Schreibpause mein neues Buch. Es enth\u00e4lt eine Auswahl derjenigen Ameisen-Geschichten, mit denen ich bei vielen Workshops und Vortr\u00e4gen in den vergangenen 25 Jahren die Zuh\u00f6rer f\u00fcr die kleinen Krabbler begeistern konnte. \u00a0 \u00a0 \u00a0","og_url":"https:\/\/www.drenskemedien.de\/Shop\/","og_site_name":"Drenske Medien","article_modified_time":"2025-06-16T06:11:08+00:00","og_image":[{"url":"https:\/\/www.drenskemedien.de\/Shop\/wp-content\/uploads\/2021\/06\/other-small.jpg","type":"","width":"","height":""}],"twitter_card":"summary_large_image","twitter_misc":{"Gesch\u00e4tzte Lesezeit":"1\u00a0Minute"},"schema":{"@context":"https:\/\/schema.org","@graph":[{"@type":"WebPage","@id":"https:\/\/www.drenskemedien.de\/Shop\/","url":"https:\/\/www.drenskemedien.de\/Shop\/","name":"Homepage - Drenske Medien","isPartOf":{"@id":"https:\/\/www.drenskemedien.de\/Shop\/#website"},"primaryImageOfPage":{"@id":"https:\/\/www.drenskemedien.de\/Shop\/#primaryimage"},"image":{"@id":"https:\/\/www.drenskemedien.de\/Shop\/#primaryimage"},"thumbnailUrl":"https:\/\/www.drenskemedien.de\/Shop\/wp-content\/uploads\/2021\/06\/other-small.jpg","datePublished":"2021-06-02T05:48:21+00:00","dateModified":"2025-06-16T06:11:08+00:00","breadcrumb":{"@id":"https:\/\/www.drenskemedien.de\/Shop\/#breadcrumb"},"inLanguage":"de","potentialAction":[{"@type":"ReadAction","target":["https:\/\/www.drenskemedien.de\/Shop\/"]}]},{"@type":"ImageObject","inLanguage":"de","@id":"https:\/\/www.drenskemedien.de\/Shop\/#primaryimage","url":"https:\/\/www.drenskemedien.de\/Shop\/wp-content\/uploads\/2021\/06\/other-small.jpg","contentUrl":"https:\/\/www.drenskemedien.de\/Shop\/wp-content\/uploads\/2021\/06\/other-small.jpg"},{"@type":"BreadcrumbList","@id":"https:\/\/www.drenskemedien.de\/Shop\/#breadcrumb","itemListElement":[{"@type":"ListItem","position":1,"name":"Startseite","item":"https:\/\/www.drenskemedien.de\/Shop\/"},{"@type":"ListItem","position":2,"name":"Homepage"}]},{"@type":"WebSite","@id":"https:\/\/www.drenskemedien.de\/Shop\/#website","url":"https:\/\/www.drenskemedien.de\/Shop\/","name":"Drenske Medien","description":"Willkommen in unserem Shop","publisher":{"@id":"https:\/\/www.drenskemedien.de\/Shop\/#organization"},"potentialAction":[{"@type":"SearchAction","target":{"@type":"EntryPoint","urlTemplate":"https:\/\/www.drenskemedien.de\/Shop\/?s={search_term_string}"},"query-input":{"@type":"PropertyValueSpecification","valueRequired":true,"valueName":"search_term_string"}}],"inLanguage":"de"},{"@type":"Organization","@id":"https:\/\/www.drenskemedien.de\/Shop\/#organization","name":"Drenske Medien","url":"https:\/\/www.drenskemedien.de\/Shop\/","logo":{"@type":"ImageObject","inLanguage":"de","@id":"https:\/\/www.drenskemedien.de\/Shop\/#\/schema\/logo\/image\/","url":"https:\/\/i0.wp.com\/www.drenskemedien.de\/Shop\/wp-content\/uploads\/2021\/06\/Final-Logo-02.png?fit=8001%2C4500&ssl=1","contentUrl":"https:\/\/i0.wp.com\/www.drenskemedien.de\/Shop\/wp-content\/uploads\/2021\/06\/Final-Logo-02.png?fit=8001%2C4500&ssl=1","width":8001,"height":4500,"caption":"Drenske Medien"},"image":{"@id":"https:\/\/www.drenskemedien.de\/Shop\/#\/schema\/logo\/image\/"}}]}},"jetpack-related-posts":[],"jetpack_sharing_enabled":true,"_links":{"self":[{"href":"https:\/\/www.drenskemedien.de\/Shop\/wp-json\/wp\/v2\/pages\/35","targetHints":{"allow":["GET"]}}],"collection":[{"href":"https:\/\/www.drenskemedien.de\/Shop\/wp-json\/wp\/v2\/pages"}],"about":[{"href":"https:\/\/www.drenskemedien.de\/Shop\/wp-json\/wp\/v2\/types\/page"}],"author":[{"embeddable":true,"href":"https:\/\/www.drenskemedien.de\/Shop\/wp-json\/wp\/v2\/users\/1"}],"replies":[{"embeddable":true,"href":"https:\/\/www.drenskemedien.de\/Shop\/wp-json\/wp\/v2\/comments?post=35"}],"version-history":[{"count":3,"href":"https:\/\/www.drenskemedien.de\/Shop\/wp-json\/wp\/v2\/pages\/35\/revisions"}],"predecessor-version":[{"id":202,"href":"https:\/\/www.drenskemedien.de\/Shop\/wp-json\/wp\/v2\/pages\/35\/revisions\/202"}],"wp:attachment":[{"href":"https:\/\/www.drenskemedien.de\/Shop\/wp-json\/wp\/v2\/media?parent=35"}],"curies":[{"name":"wp","href":"https:\/\/api.w.org\/{rel}","templated":true}]}}